s 2192915089 a composite number?
False
Is 20246441 a composite number?
True
Is 838008877 composite?
True
Is 57999863 composite?
False
Is 377932337 prime?
True
Is 7458605201 a composite number?
True
Is 107811227 prime?
False
Is 385373341 a prime number?
True
Is 277704949 a prime number?
True
Is 1290428705 a composite number?
True
Is 715444271 composite?
False
Is 1706663 a composite number?
True
Is 11225003969 a composite number?
False
Is 4862152811 prime?
True
Is 17573579 composite?
False
Is 4706482763 composite?
False
Is 5091366581 prime?
False
Is 38199723733 a composite number?
False
Is 268125313 composite?
True
Is 6981799067 a composite number?
False
Is 8257870981 prime?
True
Is 13533115243 prime?
False
Is 4769440567 a prime number?
True
Is 711981379 a prime number?
False
Is 8524193 a prime number?
True
Is 11904506167 a composite number?
False
Is 834282863 a prime number?
False
Is 6170733839 a prime number?
False
Is 3711393731 a prime number?
True
Is 622721443 a composite number?
False
Is 13276325861 a composite number?
False
Is 8688877349 prime?
False
Is 35003039 prime?
True
Is 1643869837 prime?
False
Is 181205 a prime number?
False
Is 2944182257 prime?
True
Is 12537710531 a prime number?
False
Is 10626200909 prime?
False
Is 14918746351 prime?
False
Is 12272577 a composite number?
True
Is 43713605713 a prime number?
False
Is 2351697877 a composite number?
True
Is 621581633 a composite number?
False
Is 38417948887 a prime number?
True
Is 1484135707 a composite number?
False
Is 1651174211 a prime number?
False
Is 306794773 a composite number?
False
Is 8198248517 composite?
True
Is 343025049 composite?
True
Is 80163015545 prime?
False
Is 695329321 a prime number?
False
Is 136610535147 a prime number?
False
Is 326721613 a prime number?
True
Is 44602391543 composite?
True
Is 7191340579 a prime number?
False
Is 57737816866 a prime number?
False
Is 808361383 a prime number?
True
Is 486667949 composite?
False
Is 1217359267 a prime number?
False
Is 2841614159 prime?
True
Is 1723035451 a prime number?
True
Is 2067127199 prime?
True
Is 1055785921 a composite number?
True
Is 21447285719 a prime number?
True
Is 660913145 a composite number?
True
Is 3093363167 a prime number?
False
Is 437961677 a composite number?
True
Is 61009386171 prime?
False
Is 297737048893 a composite number?
False
Is 9589765573 composite?
True
Is 38336114057 a prime number?
True
Is 2789369723 prime?
False
Is 29354522191 composite?
True
Is 3777417247 composite?
False
Is 21226606633 composite?
True
Is 3499486321 a prime number?
False
Is 19424405591 composite?
True
Is 8003885419 a composite number?
False
Is 4546200257 composite?
False
Is 18392282431 prime?
True
Is 1870861651 prime?
True
Is 6923471591 prime?
False
Is 31000708789 a prime number?
True
Is 176717238809 composite?
True
Is 5932470809 prime?
True
Is 551029007 composite?
True
Is 33259779845 a composite number?
True
Is 4538301047 prime?
False
Is 10975355219 prime?
False
Is 35495013751 a composite number?
False
Is 88532961251 composite?
True
Is 423852503 prime?
True
Is 14271764587 a composite number?
False
Is 242556487 a composite number?
False
Is 730200377 a prime number?
True
Is 4026273637 composite?
False
Is 14446854398 prime?
False
Is 1856037563 a composite number?
True
Is 28678963751 a composite number?
True
Is 65660678103 composite?
True
Is 14451901133 prime?
True
Is 17431564082 prime?
False
Is 1035622993 composite?
True
Is 141612137 a prime number?
False
Is 3809537893 a prime number?
False
Is 12094618553 prime?
True
Is 14076104201 a composite number?
False
Is 890580871 a composite number?
True
Is 23396897847 prime?
False
Is 22265717599 a prime number?
False
Is 1058377973 prime?
True
Is 1680311807 a prime number?
False
Is 2390827561 a composite number?
False
Is 52070357897 a prime number?
False
Is 14576024017 a composite number?
False
Is 3730584911 composite?
True
Is 174556327 composite?
True
Is 1283162879 composite?
True
Is 86400781 prime?
True
Is 2109955517 composite?
True
Is 164524429 a prime number?
False
Is 325384673 composite?
False
Is 288034619 composite?
True
Is 92815112837 a composite number?
False
Is 152723887567 prime?
True
Is 4713732281 a composite number?
False
Is 4329960863 a composite number?
True
Is 3927734401 a prime number?
True
Is 945914909 prime?
True
Is 2947010917 a composite number?
False
Is 1138590427 composite?
True
Is 780358039 a composite number?
False
Is 364766063 prime?
True
Is 384248635 a composite number?
True
Is 81471613 prime?
True
Is 293486357 a prime number?
False
Is 1968651317 a composite number?
False
Is 155879737765 a composite number?
True
Is 29112783647 composite?
False
Is 6603313727 composite?
False
Is 51569933263 a composite number?
True
Is 1427928877 prime?
True
Is 10888868971 composite?
True
Is 5305370869 composite?
True
Is 49972421809 a prime number?
False
Is 98275040501 a composite number?
True
Is 5570878999 a prime number?
False
Is 18137589983 a prime number?
True
Is 9324431903 a prime number?
True
Is 96377960641 prime?
True
Is 32824792601 composite?
True
Is 48158732177 composite?
False
Is 5155641973 prime?
True
Is 256999987 a prime number?
True
Is 4310430997 prime?
False
Is 209882501 prime?
True
Is 378830717 a composite number?
False
Is 16409724817 a composite number?
False
Is 7031686721 a prime number?
True
Is 3068133949 a prime number?
False
Is 1102861021 a prime number?
True
Is 436111469 prime?
False
Is 1306434629 a composite number?
False
Is 13332810679 a prime number?
True
Is 2276564309 prime?
True
Is 31677595163 a composite number?
False
Is 48599233 a composite number?
False
Is 39636757 a composite number?
False
Is 1663301117 a prime number?
True
Is 773128453 a composite number?
True
Is 1460661533 a composite number?
True
Is 28457224847 composite?
False
Is 1084977701 composite?
False
Is 108645980447 composite?
True
Is 336555055 prime?
False
Is 64401473 prime?
False
Is 18798343211 composite?
False
Is 160042357 a prime number?
False
Is 32288930689 a prime number?
False
Is 1223416697 a composite number?
False
Is 7862915561 a composite number?
False
Is 12662058477 a prime number?
False
Is 1956112807 prime?
False
Is 54271700141 prime?
False
Is 7244565842 a prime number?
False
Is 1243140973 composite?
False
Is 493962709 prime?
True
Is 8076082697 a composite number?
True
Is 38223617123 a prime number?
False
Is 84339669983 a composite number?
False
Is 89971351417 a composite number?
False
Is 710891605 composite?
True
Is 11346272129 a prime number?
True
Is 17305180741 a composite number?
False
Is 34634095297 composite?
False
Is 2010450437 composite?
False
Is 7950692573 a prime number?
True
Is 2112945397 a prime number?
False
Is 8212889109 a composite number?
True
Is 4514542613 composite?
True
Is 2779019833 a composite number?
True
Is 57314018173 prime?
False
Is 399533465 a composite number?
True
Is 649728851 a prime number?
True
Is 929745209 composite?
False
Is 3643972637 a composite number?
True
Is 8701667501 a prime number?
False
Is 11748560711 a prime number?
True
Is 14671358423 prime?
True
Is 1448263073 a prime number?
True
Is 6339957233 prime?
False
Is 40750468271 prime?
True
Is 11499117823 composite?
False
Is 3112498094 composite?
True
Is 1353546437 composite?
True
Is 1343790887 a composite number?
True
Is 6237534019 composite?
False
Is 2121493951 prime?
True
Is 506450634329 a prime number?
False
Is 13597930169 a prime number?
True
Is 1631845013 a composite number?
False
Is 385123121 a prime number?
False
Is 310077487 composite?
False
Is 2226975419 a composite number?
False
Is 4650302323 prime?
True
Is 246084494995 prime?
False
Is 1432668931 a composite number?
True
Is 1839761645 composite?
True
Is 17274329719 composite?
False
Is 65684851121 prime?
True
Is 89509963 prime?
True
Is 1345756249 prime?
True
Is 83103185567 a composite number?
False
Is 16755657491 a prime number?
False
Is 65478299923 composite?
True
Is 4471729373 a composite number?
False
Is 2969256271 a composite number?
False
Is 1435181149 a composite number?
True
Is 2116663526 prime?
False
Is 72608806619 a prime number?
True
Is 1181420113 prime?
True
Is 24943873061 a composite number?
True
Is 48480270511 a prime number?
True
Is 925957997 composite?
False
Is 140810507779 a prime number?
False
Is 7031209296